 x. Suppose -i = 3, 5*i + 11 = k*u - 58. Is u a multiple of 6?
True
Let y(r) = -4*r**3 + 4*r + 4. Suppose 0 = 2*a + 2*s + 16, -a - 2*a + 4*s + 4 = 0. Is 31 a factor of y(a)?
False
Suppose -12 = -3*g, 15*g + 1620 = s + 18*g. Is 8 a factor of s?
True
Suppose 3*t = 3*w, w + 10 = -2*t + 5*t. Suppose -t*r = -6*r + 12. Is r a multiple of 4?
True
Let h = 1781 + -1138. Does 6 divide h?
False
Suppose -10*j + 2 = -11*j. Is 13 a factor of (4 - 85/10)/(j/52)?
True
Let p(v) = -5*v - 7 + 11 + 11. Does 14 divide p(-11)?
True
Suppose 0*z + 5*z + 20 = 0. Let u be -38*z/4*2. Let s = u - 45. Does 7 divide s?
False
Suppose -2*g = 3*q - 76, -2*g + 55 = -2*q - 1. Is 12 a factor of g?
False
Let f(p) = 15*p - 26. Let y be f(4). Let j(n) = -n**2 - 2*n + 1. Let i be j(6). Let a = y - i. Is 21 a factor of a?
False
Let f(w) = w + 2. Let z be f(3). Suppose -15 = 8*u - z*u. Does 11 divide (u + 2 - -1) + 18?
False
Suppose -16 = -4*n, 36*m - n = 41*m - 3004. Does 12 divide m?
True
Let g = 95 + -91. Suppose -g*u + 236 = 5*k, 0 = -u - 4*k + 5*k + 50. Is 17 a factor of u?
False
Suppose 2*v - 4*s - 24 = 0, 3*v - 8 = -3*s + 10. Suppose 3*z + 3*a + 6 = 0, -3*z = -v*z + 3*a + 22. Suppose -z*c - 2*w = -140, 4*w = w - 12. Does 30 divide c?
False
Suppose -2*l - 200 = 3*i - 501, -i - 153 = -l. Does 6 divide l?
False
Suppose -2*v + a + 18 = 8, 3*v - 15 = 2*a. Suppose 2*t = v*k - 29, 3*k + 4*t = 4*k + 5. Suppose -12*m + 155 = -k*m. Is 15 a factor of m?
False
Suppose -4*a = -2*v + 20, v - 3*a - 6 = -2*a. Suppose -2*f = 2*f. Suppose 0 = -f*n + 2*n - v, 2*c - 5*n - 139 = 0. Is 17 a factor of c?
False
Let b be 3/(-4) - (-162)/24. Suppose b*o = 10*o - 4. Is 9 a factor of 3 - -4 - -3 - o?
True
Let h = 16 + -4. Let d = 83 - 77. Suppose -h - 258 = -d*c. Does 15 divide c?
True
Suppose 7*c - 781 = 185. Does 38 divide c?
False
Let j(c) = -12 + 34*c + 3 + 1. Is j(4) a multiple of 32?
True
Suppose -5*q = 8 - 233. Suppose 0*x = k - 5*x - q, 2*x = 5*k - 202. Does 13 divide k?
False
Suppose 3*s + 143 = 2*j - 135, -2*j - 4*s + 306 = 0. Suppose 2*r - 4*z - 87 = j, -4 = -2*z. Is r a multiple of 15?
True
Let y(t) = 209*t**2 - 7*t + 13. Is y(3) a multiple of 7?
False
Let u = 266 - 140. Suppose 2*n + 42 = t, -3*t + u = n - 4*n. Is 4 a factor of t?
False
Is 22 a factor of 839 - 118 - 5/(-1)?
True
Is 53 a factor of ((-792)/4)/(4/(-26))?
False
Let n = -210 - -223. Let b(y) be the third derivative of y**6/120 - 7*y**5/30 + 5*y**4/8 - 5*y**3/6 + y**2. Does 7 divide b(n)?
True
Suppose 2944 = 5*z + 814. Is z a multiple of 16?
False
Let i(g) = g**2 + g + 163. Suppose -2*l = -6*l. Is 20 a factor of i(l)?
False
Suppose -3*s = 2*k - 11, -3*s + 14 = 4*k - 5*s. Suppose -k*j + 1798 = r - 0*r, 5*j - 5*r - 2260 = 0. Is j a multiple of 61?
False
Let t(j) = 2*j + 23. Let p be t(-13). Let i(x) = -4*x**3 + 3*x**2 - x + 2. Let u be i(2). Does 10 divide ((-8)/u)/(p/(-75))?
True
Let w = -40 - -145. Does 4 divide (1 - 46/10)/((-14)/w)?
False
Let t(b) = -b - 5. Let a be t(5). Let g be 4/(-10) - 1444/a. Suppose 4*w + 0*w = g. Is 12 a factor of w?
True
Is 2/16 - (-115190)/80 a multiple of 18?
True
Let j(h) = -h**3 + 9*h**2 + 3*h + 15. Let s be j(9). Suppose -10*i = -3*i - s. Is i a multiple of 6?
True
Let b(i) be the first derivative of 11*i + 8*i**2 - 6*i - 7*i - 6. Does 16 divide b(2)?
False
Suppose q + 4*q + 275 = 0. Let y be (-143)/q + 2/5. Is ((-12)/(-4))/y - -73 a multiple of 18?
False
Let l(f) = -f + 13. Let n be l(12). Let x be 45/60*4*n. Let j = x + 7. Is 10 a factor of j?
True
Let o(n) = n**2 - 13*n + 3. Let g be o(12). Let f(j) = -2*j**2 - 6*j + 7. Let y be f(-5). Is y*3*3/g a multiple of 6?
False
Let r = 193 - 28. Let w = r - 77. Is 16 a factor of w?
False
Suppose 117*m + 315 = 124*m. Is 3 a factor of m?
True
Let h(r) be the first derivative of -r**2/2 - 3*r - 13. Is 3 a factor of h(-18)?
True
Suppose -230*w + 238*w - 11640 = 0. Is w a multiple of 15?
True
Let l be (678/(-4))/((-42)/28). Suppose -2*b = -55 - l. Is b a multiple of 21?
True
Let g = -280 + 199. Let n = -27 - g. Is 18 a factor of n?
True
Let v(k) = 2*k**2 - 3*k - 12. Let y be v(-2). Let b = y - -22. Does 6 divide b?
True
Suppose 2*h = -h. Suppose h*t - 52 = t - 5*z, 3*z = -5*t - 288. Let y = t - -105. Is 8 a factor of y?
True
Suppose 11*z - 414 = 2*z. Let c = -38 + z. Is 4 a factor of c?
True
Let b be 0 + -2 + -2 + 7 + -3. Let h = 7 - -13. Let w = h - b. Does 6 divide w?
False
Suppose -15 = -10*c + 7*c, 1175 = 5*i + 2*c. Is i a multiple of 12?
False
Let p(n) = n**2 - 3*n + 1. Let y be p(2). Let h(g) = -47*g - 2. Let u be h(y). Is 18 a factor of u/(-2)*(-24)/30?
True
Suppose -2*c + 4*i = -76, 3*i - 16 = 4*c - 148. Let y = 297 + -295. Let z = y + c. Is 16 a factor of z?
True
Is 6/7 + (-15168)/(-42) a multiple of 24?
False
Let y be ((-45)/(-12))/((-4)/((-704)/(-6))). Let u = -93 - y. Is u a multiple of 10?
False
Suppose 44*p = 49*p - 1100. Does 4 divide p?
True
Suppose 122 = 2*s - 2*b - 26, 5*s = -3*b + 402. Let g = -56 + s. Is g a multiple of 3?
False
Suppose -5 + 0 = -q. Let y(t) be the second derivative of -t**5/20 + 5*t**4/12 + 2*t**3/3 + 3*t**2 + 29*t. Is 13 a factor of y(q)?
True
Is 98 a factor of ((-75)/35)/(-5) + (-62740)/(-35)?
False
Is -597*(-8)/84 - 8/(-56) a multiple of 3?
True
Let m(d) = 7*d**2 + 7*d + 11. Does 2 divide m(-2)?
False
Let k = -559 + 656. Is 7 a factor of k?
False
Suppose -5*k - 4*f + 17 = -f, -k - 2*f = -2. Suppose -2*n + 63 = 5*c, 0 = -k*n + 4*c - 2*c + 138. Is 17 a factor of n?
True
Suppose 2*g - 22*g = -71380. Is 91 a factor of g?
False
Suppose w - 2*w + 19 = -t, 5*t = 4*w - 74. Let k = w - 12. Suppose 4*p = k*p - 30. Is p even?
True
Suppose 0 = 4*d + 3*p - 58, -d + 4*p + 18 = d. Let r(c) = 0*c + 2 + 3*c + 0*c. Is r(d) a multiple of 10?
False
Suppose 27*c + 20 = 31*c. Suppose -p - 31 = 4*l - 88, 0 = c*p + 2*l - 213. Is p a multiple of 9?
False
Let u(w) = -w**3 + 6*w**2 + 11*w - 7. Let b(x) = -x**3 - 8*x**2 + 9*x + 7. Let t be b(-9). Let k be u(t). Is 16 a factor of ((-24)/(-2))/(k/28)?
True
Let v(t) = 48*t + 119. Is v(17) a multiple of 55?
True
Suppose 4 - 1 = p - 2*s, -s + 30 = -5*p. Let k(j) = -j**2 - 8*j - 4. Let w be k(p). Suppose -o + 341 = 4*r + r, -215 = -w*r + 2*o. Is r a multiple of 23?
True
Let y(s) = 3*s**2 - 13*s + 13. Let u(d) = -d**3 + 16*d**2 - 14*d - 7. Let p be u(15). Does 31 divide y(p)?
False
Let g(n) be the second derivative of -13*n**5/20 - n**4/6 - n**3/3 - n**2/2 + 8*n. Let p be g(-1). Suppose p = u - 7. Is u a multiple of 19?
True
Let p(d) = -d**2 + 2*d. Let g be p(0). Let s be g - (101 + -2 + 5). Let f = -24 - s. Does 16 divide f?
True
Suppose 5*a - 22 = -2*h, 2*h - 2*a - 5 = 3. Suppose 0 = -h*j + 1196 + 442. Is j a multiple of 39?
True
Let f(n) = -7*n**3 - 2. Let b be f(-2). Let w be -12*-1*b/(-8). Let c = w - -121. Is c a multiple of 10?
True
Let w = 1792 + -944. Is w a multiple of 35?
False
Let s = 2646 - 1092. Is s a multiple of 24?
False
Let u be (-3*(-4)/(-8))/((-6)/(-224)). Is 5 a factor of 2 + 14/(-21) + u/(-3)?
True
Let r = -195 + 191. Suppose 4*k + 7 = n, 5*n - 20 = 3*k + 2*k. Is 14 a factor of (-3528)/(-96) + k/r?
False
Suppose 2*z + 5*d = 0, 0 = -3*z - 0*d + d + 17. Suppose 0 = -h - z*x + 45, 5*x - 47 - 78 = -3*h. Is 20 a factor of h?
True
Let h(n) be the third derivative of -n**5/60 - n**4/3 + 5*n**3/6 - 2*n**2. Let k be h(5). Let t = k - -120. Is t a multiple of 20?
True
Let q be (5 - 1) + -5 + (-740)/(-1). Suppose 6*b - q = -67. Is 14 a factor of b?
True
Suppose c = 7 - 3. Suppose 4*d = -4*a + 174 + 2, -2*d + c*a + 64 = 0. Does 9 divide d?
False
Let i = -344 - -606. Is i a multiple of 14?
False
Suppose 2*m + 19*d - 15*d - 216 = 0, 5*d = -2*m + 213. Does 38 divide m?
True
Suppose -3*y = t + 211, 0 = 4*t - 3*t - 3*y + 235. Is 30 a factor of (-9)/(-3) - t/1?
False
Let c(f) = 2*f**2 + 3*f + 10. Let g be c(6). Suppose -4*k = -4*q - g, 2*k - 57 = -5*q - 21. Is 23 a factor of k?
True
Let r(b) = 8*b**2 - 4*b. Is r(6) a multiple of 7?
False
Suppose 11*b - 509 = 1603. Is b a multiple of 16?
True
Let m = 19 - 30. Let f be (-4)/22 + 1593/m. Is 3*(f/(-15) - 4) a multiple of 12?
False
Suppose -9*p = -7*p - 10. Suppose -h = -p*h + 8. Is 8 a factor of 95/10 + (-3)/h?
True
Suppose 10*u - 920 = 490. Does 2 divide u?
False
Let n = -15 + -1. Let f(z) be the second derivative of z**4/12 + 13*z**3/6 - 7*z**2 - 